e factors of l(-8).
2, 7
Suppose 3*m = -14 + 254. List the prime factors of m.
2, 5
Let i be -14*(1/2)/1. Let q be 132/28 + (-2)/i. Suppose 5*p - 3*g - 44 = -14, 5*p + q*g = -10. What are the prime factors of p?
3
Let g = -47 - -86. What are the prime factors of g?
3, 13
Suppose -1 - 8 = 3*i. What are the prime factors of (-2)/i - 74/(-6)?
13
Let x(d) = -d**3 - 16*d**2 - 19*d. List the prime factors of x(-15).
2, 3, 5
Let z be (-8)/(-3)*3/(-2). List the prime factors of (18/(-15))/(z/10).
3
Let t(m) = -5*m - 1. Let r(c) = 15*c + 2. Let k(f) = 3*r(f) + 8*t(f). Let u be k(4). Suppose 3*n - 4*l = u, -n - l - 4*l = -25. What are the prime factors of n?
2, 5
Suppose -3*n = -2*n. Suppose n = -8*g + 7*g + 11. List the prime factors of g.
11
Let z = -6 + -12. Let k = z + 31. List the prime factors of k.
13
Suppose 7*q - 4*d - 7 = 2*q, -5*q = -2*d - 11. Suppose q*g + g + 248 = 0. List the prime factors of 1/(-6) - g/12.
5
Let l = 113 - 55. List the prime factors of l.
2, 29
Let c = -31 + 71. List the prime factors of c.
2, 5
Suppose -5*h + 10 = 0, -41 + 15 = -4*v + 5*h. List the prime factors of v.
3
Suppose 0*j = -4*j + 48. Let t be ((-4)/(-2))/(2/(-4)). Let q = t + j. What are the prime factors of q?
2
Suppose 5*j - 185 = -5*f, j = -j - 8. List the prime factors of f.
41
Suppose 2*y + 892 = 4*x, 3*y + 2*y - 920 = -4*x. Suppose 5*s = 10*s - x. What are the prime factors of s?
3, 5
Let x(g) = 67*g**2 + 2*g + 1. List the prime factors of x(-1).
2, 3, 11
Suppose b - 3*f - 210 = -72, 2*f - 605 = -5*b. What are the prime factors of b?
3, 41
Let x = 41 - 22. Let a = 33 - x. What are the prime factors of a?
2, 7
Suppose 0*v = -3*v + 15. Suppose 0 = -3*n + 4*b + 56, v*b = -4*n - 0*b + 116. Let k = -9 + n. What are the prime factors of k?
3, 5
Suppose -5*z - 35 = 5. Let i be (z/(-28))/((-2)/(-14)). Suppose 0 = -i*u + 7 + 5. What are the prime factors of u?
2, 3
What are the prime factors of 7/7 - 57/(-1)?
2, 29
Let d(q) be the second derivative of q**3/3 - 3*q**2 - q. List the prime factors of d(4).
2
Suppose -5*t - 9 = -3*s, -3*s = -0*s + 2*t - 9. Let q(n) = 2*n**3 - 4*n**2 - 4. List the prime factors of q(s).
2, 7
Let n(i) = -5*i**3 + 2*i**2 + i. Let y be -10*1/(10/(-8)). Suppose 0 = 3*z + 5*s - 0*s + y, 5*z + 7 = -2*s. List the prime factors of n(z).
2, 3
Suppose -3*y + 9 = -0*y. Suppose -y*w = -42 - 3. What are the prime factors of w?
3, 5
List the prime factors of 4 + (4 - 8 - -7).
7
Suppose -7*l = -3*l - 16. Suppose 5*k - l*h = h - 5, -h = k + 7. What are the prime factors of 136/14 - k/14?
2, 5
Let s(r) = -r**2 + 5*r - 3. Let f be s(3). Suppose f*g + 2 = -2*h, 4*h + 0*h + g = 6. List the prime factors of h.
2
Let q(y) = 7. Let u(j) = -j + 7. Let f(t) = -4*q(t) + 3*u(t). Let o be (9/6)/((-2)/12). What are the prime factors of f(o)?
2, 5
Let s = -153 - -86. Let y = -37 - s. Let c = y - 18. What are the prime factors of c?
2, 3
Let f(z) = -z**2 + z + 94. Let g be f(0). Suppose -4*x + 8*x - 5*j = 6, -14 = -x - 5*j. Suppose -g = -5*l - x. List the prime factors of l.
2, 3
List the prime factors of (-3123)/(-36)*((-6)/(-3) - -2).
347
What are the prime factors of (8/(-2))/((-20)/70)?
2, 7
Let n(s) = s**2 + 7*s + 8. Let i be n(-6). Suppose u = -5*c - 32, 4*c = -2*u + i*c - 32. Let g = u - -18. List the prime factors of g.
2, 3
Suppose 0 = -4*s - 5*k + 67, 75 = 4*s + k - 4*k. Suppose 0 = -2*m + 3*b + 18, -4*m + 30 = -3*b - s. List the prime factors of m.
3, 5
Let n(u) be the third derivative of u**4/24 - 5*u**3/6 + u**2. Let b be n(6). List the prime factors of (1 - b) + 8/1.
2
Suppose 55 = 2*a - 3*t, 2 + 3 = -a - 5*t. List the prime factors of a.
2, 5
Let a(h) = h**3 - 3*h**2 - 4*h + 3. What are the prime factors of a(4)?
3
Let z be ((-8)/6)/(6/(-9)). Suppose -j = z*j - 51. List the prime factors of j.
17
What are the prime factors of (-6)/(-18) - (-538)/6?
2, 3, 5
Let k(w) = -w**3 + 13*w**2 - w + 13. Let i be k(13). Suppose 3*o = 0, i*q = -2*q + 4*o + 20. What are the prime factors of q?
2, 5
What are the prime factors of 603/36 + 1/4?
17
What are the prime factors of (-40)/25*(-19 + -1)?
2
Let p = 12 - 6. Suppose -u + 3*y - 2 = 0, u - p = y + 2. What are the prime factors of u?
13
Let q be 5 + -3 + 1*15. Suppose 3*k - 23 = 4*u + 6*k, 0 = -4*u - 5*k - q. Let b = 14 + u. What are the prime factors of b?
2, 3
Suppose -4*k = -3*c + 172, -4*c = 5*k - 2*c + 238. Let j = k + 77. Suppose 17 + j = 4*r. List the prime factors of r.
2, 3
Suppose 2*j - 7*j = 3*z + 5, -3*j - 3*z = 9. What are the prime factors of (-6 + 8)/(j/26)?
2, 13
Let f(a) = a**3 + 4*a**2 - 3*a + 2. What are the prime factors of f(-4)?
2, 7
What are the prime factors of 2 + (-3)/6*-42?
23
Let g = 6 - 0. Suppose 0 = 7*c - g*c - 17. List the prime factors of c.
17
Suppose -3*l + 634 = -281. Suppose 5*b = -4*k + l, 3*b + 5*k + 0*k = 196. List the prime factors of b.
3, 19
Let y = -190 - -323. What are the prime factors of y?
7, 19
Suppose n + 45 = -2*n. Let s = n - -22. List the prime factors of s.
7
Suppose 0 = 46*k - 54*k + 3424. What are the prime factors of k?
2, 107
Let f(l) = -l**3 + 4*l**2 + l + 1. Let b be f(4). Let a = b - 3. Suppose a*i = i + 3. List the prime factors of i.
3
Let k = -7 - -23. Suppose c + 3*c = k. Let r = c + -1. List the prime factors of r.
3
Suppose 117 + 371 = 4*w. List the prime factors of w.
2, 61
Let u be 4*(18/(-8) - -1). Let n = -8 - u. What are the prime factors of (4/(-6))/(n/9)?
2
Suppose 11 = -3*h + 71. List the prime factors of h.
2, 5
Suppose 4 = -5*s + 3*s + 4*j, 2*s = 5*j - 7. What are the prime factors of (-220)/(-14) + s/14?
2
Let l(r) = -102*r + 2. What are the prime factors of l(-1)?
2, 13
Let q be 5/(-2)*4/(-5). Suppose 3*g = -q*g + 50. List the prime factors of g.
2, 5
Suppose 2*q = -3*f + 277, -5*f + 53 + 430 = -2*q. What are the prime factors of f?
5, 19
Let b(u) = u**2 + 3*u - 4. Let a be b(-4). Suppose 5*j + 2*m - 85 = -a*j, -2*j + 2*m + 20 = 0. List the prime factors of j.
3, 5
Suppose -2*l = -5*x + 340, 0 = -2*x - 3*l + 35 + 82. List the prime factors of x.
2, 3, 11
Let k = -23 + 32. What are the prime factors of k?
3
Let r = 207 - 106. Let b = 144 - r. Suppose -4*p - 7 = -b. List the prime factors of p.
3
Let d(i) be the first derivative of -5*i**2/2 - 10*i - 2. What are the prime factors of d(-7)?
5
Suppose 0*y - y - 2 = 0. What are the prime factors of (17*1)/(y + 3)?
17
Let f(i) = 3*i**3 + 3*i**2 - 11*i + 4. What are the prime factors of f(4)?
2, 5
Suppose 10 = 5*x, 4*x - 2 - 2 = -4*i. Let l(a) be the first derivative of -3*a**2/2 - a + 7. List the prime factors of l(i).
2
Let c = 9 - 6. Suppose c*g = -7 + 28. List the prime factors of g.
7
Suppose 30 - 10 = 4*c. Suppose 0 = -3*q + c*q + s - 67, 4*q - 139 = -s. What are the prime factors of q?
2, 3
Let r = 1 + 0. Let n be 0/r + 0 + -1. Let k(h) = -7*h - 1. List the prime factors of k(n).
2, 3
Suppose 13 = j - 4*k, -j - 2*k + 13 = 2*k. What are the prime factors of j?
13
Suppose 2*d = -d + 303. Suppose 0 = 3*z + 3*r - d - 193, 0 = z - 3*r - 78. List the prime factors of (-4)/14 + z/7.
13
Let x(z) = z - 6. Let u be x(5). List the prime factors of 2 - u - 9/(-3).
2, 3
Let s(g) = -g**2 + 11*g + 15. Suppose -2*h + 36 = 3*o - 3*h, -4*o + 59 = -5*h. What are the prime factors of s(o)?
3, 5
Suppose 4*m = 2*m - 32. Let y = 27 + m. List the prime factors of y.
11
Let c = -13 + 4. Let p = c - 3. What are the prime factors of -1 + (1 - 0) - p?
2, 3
Let v(a) = 2*a**2 - a**2 + a - a + 30. List the prime factors of v(0).
2, 3, 5
Let s = 223 + -66. List the prime factors of s.
157
Let y = 408 - 268. List the prime factors of y.
2, 5, 7
Let j(s) = s**2 - s. Let x be (2*-3)/(-3) - -3. What are the prime factors of j(x)?
2, 5
Suppose 2*d + 3*y - 140 = y, -3*d + 205 = -2*y. List the prime factors of d.
3, 23
What are the prime factors of (-16)/40 + (-234)/(-10)?
23
Let j(t) = t**2 + 7*t + 6. Let f be j(-4). Let g(a) = -a**2 - 7*a - 5. Let q be g(f). Let z = 3 + q. List the prime factors of z.
2
Let c = 92 + -44. List the prime factors of c.
2, 3
What are the prime factors of (-4)/14 + (-424)/(-14)?
2, 3, 5
Let i = -11 + 15. Suppose -i = -4*f + 48. List the prime factors of f.
13
Let n(q) be the second derivative of -q**4/12 + q**3/6 + 8*q**2 - 3*q. List the prime factors of n(0).
2
Suppose -5*g = 5*f + 60, -g